What is the remainder when 292914 is divided by 4437?
72
Calculate the remainder when 4513164 is divided by 1583.
31
Calculate the remainder when 3148090 is divided by 10.
0
What is the remainder when 234280 is divided by 605?
145
What is the remainder when 34572 is divided by 3257?
2002
What is the remainder when 286546 is divided by 31838?
4
Calculate the remainder when 281393 is divided by 1177.
90
Calculate the remainder when 43513 is divided by 5435.
33
What is the remainder when 209120 is divided by 41823?
5
Calculate the remainder when 910732 is divided by 940.
812
What is the remainder when 1257787 is divided by 207?
55
Calculate the remainder when 155073 is divided by 77436.
201
Calculate the remainder when 108586249 is divided by 266.
261
Calculate the remainder when 18166218 is divided by 1037.
52
What is the remainder when 160671 is divided by 1576?
1495
Calculate the remainder when 39025310 is divided by 1062.
1058
Calculate the remainder when 57600227 is divided by 14.
13
What is the remainder when 11415905 is divided by 183?
182
What is the remainder when 160175 is divided by 155?
60
What is the remainder when 30019 is divided by 4439?
3385
Calculate the remainder when 3674207 is divided by 1433.
1428
Calculate the remainder when 107969772 is divided by 15.
12
What is the remainder when 1306465 is divided by 24?
1
Calculate the remainder when 39949 is divided by 1020.
169
What is the remainder when 6057831 is divided by 902?
901
Calculate the remainder when 92095 is divided by 15045.
1825
What is the remainder when 198638937 is divided by 202?
15
What is the remainder when 2961208 is divided by 1480596?
16
What is the remainder when 73478 is divided by 8157?
65
What is the remainder when 906445 is divided by 10289?
1013
Calculate the remainder when 505077 is divided by 8138.
521
Calculate the remainder when 16990623 is divided by 16.
15
Calculate the remainder when 62637 is divided by 62480.
157
What is the remainder when 1576365 is divided by 24?
21
Calculate the remainder when 14252621 is divided by 233.
11
What is the remainder when 821299 is divided by 7019?
76
Calculate the remainder when 479993 is divided by 979.
283
Calculate the remainder when 942190 is divided by 431.
24
Calculate the remainder when 24616 is divided by 23468.
1148
Calculate the remainder when 2014571 is divided by 17518.
1
Calculate the remainder when 39296947 is divided by 2859.
2851
Calculate the remainder when 28848589 is divided by 121.
11
Calculate the remainder when 383195 is divided by 471.
272
Calculate the remainder when 36886378 is divided by 353.
349
What is the remainder when 17603052 is divided by 14880?
12
Calculate the remainder when 5795721 is divided by 5795691.
30
Calculate the remainder when 1805780 is divided by 69442.
288
What is the remainder when 3158822 is divided by 7557?
7553
What is the remainder when 292043 is divided by 7123?
0
What is the remainder when 7069420 is divided by 228?
52
Calculate the remainder when 2805995 is divided by 41.
37
Calculate the remainder when 150794 is divided by 2154.
14
What is the remainder when 645796202 is divided by 1268?
1266
Calculate the remainder when 277550 is divided by 92413.
311
What is the remainder when 639417 is divided by 331?
256
Calculate the remainder when 252862782 is divided by 35.
32
Calculate the remainder when 2872753 is divided by 1680.
1633
What is the remainder when 2066128 is divided by 344340?
88
Calculate the remainder when 208478 is divided by 2935.
93
Calculate the remainder when 145176 is divided by 10144.
3160
Calculate the remainder when 102315839 is divided by 371.
346
Calculate the remainder when 264865 is divided by 1506.
1315
Calculate the remainder when 2422044 is divided by 775.
169
What is the remainder when 30691 is divided by 1526?
171
Calculate the remainder when 157904 is divided by 12.
8
Calculate the remainder when 262893 is divided by 288.
237
What is the remainder when 107884 is divided by 100088?
7796
What is the remainder when 15151712 is divided by 108?
68
Calculate the remainder when 278610 is divided by 327.
6
What is the remainder when 1877416 is divided by 1877000?
416
What is the remainder when 1578783 is divided by 526247?
42
Calculate the remainder when 2123294 is divided by 212328.
14
What is the remainder when 368340193 is divided by 184170089?
15
Calculate the remainder when 969903 is divided by 18297.
162
Calculate the remainder when 1565120 is divided by 990.
920
What is the remainder when 62379393 is divided by 418?
417
Calculate the remainder when 8442538 is divided by 82.
64
What is the remainder when 15312844 is divided by 29?
3
Calculate the remainder when 2365873 is divided by 15668.
5
Calculate the remainder when 2392106 is divided by 9724.
2
Calculate the remainder when 9804842 is divided by 4902397.
48
Calculate the remainder when 1121277 is divided by 374.
25
What is the remainder when 2381502 is divided by 8240?
142
What is the remainder when 86996802 is divided by 826?
4
Calculate the remainder when 5168850 is divided by 90.
60
What is the remainder when 5100257 is divided by 34461?
29
Calculate the remainder when 34405 is divided by 6472.
2045
Calculate the remainder when 327815 is divided by 1047.
104
Calculate the remainder when 27753 is divided by 1704.
489
What is the remainder when 121979 is divided by 119659?
2320
What is the remainder when 16872264 is divided by 196?
192
What is the remainder when 37204509 is divided by 5126?
1
Calculate the remainder when 211413 is divided by 7899.
6039
What is the remainder when 8559 is divided by 1217?
40
Calculate the remainder when 1070338 is divided by 62957.
69
What is the remainder when 10392 is divided by 1693?
234
What is the remainder when 3300822 is divided by 308?
294
Calculate the remainder when 216941338 is divided by 210.
208
What is the remainder when 1217317 is divided by 608641?
35
Calculate the remainder when 353859 is divided by 12452.
5203
What is the remainder when 734806 is divided by 91824?
214
Calculate the remainder when 15937815 is divided by 52427.
7
Calculate the remainder when 636643 is divided by 24964.
12543
Calculate the remainder when 4755913 is divided by 3385.
3373
Calculate the remainder when 55817 is divided by 1428.
125
Calculate the remainder when 34279 is divided by 92.
55
Calculate the remainder when 125320 is divided by 20879.
46
Calculate the remainder when 537942587 is divided by 176.
171
Calculate the remainder when 858864 is divided by 144.
48
What is the remainder when 4211055 is divided by 12066?
21
What is the remainder when 56451174 is divided by 1441?
1440
What is the remainder when 152599536 is divided by 164?
160
Calculate the remainder when 8939981 is divided by 26.
11
Calculate the remainder when 2176091 is divided by 4.
3
Calculate the remainder when 1418743 is divided by 1418726.
17
Calculate the remainder when 17135372 is divided by 17135362.
10
What is the remainder when 987694 is divided by 3580?
3194
What is the remainder when 1708217 is divided by 6675?
6092
What is the remainder when 215704 is divided by 215666?
38
Calculate the remainder when 75959 is divided by 24927.
1178
What is the remainder when 1148745 is divided by 287180?
25
Calculate the remainder when 2557362 is divided by 122.
120
Calculate the remainder when 7079121 is divided by 52.
49
What is the remainder when 1670046 is divided by 5819?
5812
What is the remainder when 312346 is divided by 2603?
2589
What is the remainder when 14120069 is divided by 54?
41
What is the remainder when 1564488 is divided by 1210?
1168
What is the remainder when 7930301 is divided by 4152?
4133
Calculate the remainder when 2019945 is divided by 446.
11
What is the remainder when 8052050 is divided by 123?
101
What is the remainder when 17963127 is divided by 1995889?
126
What is the remainder when 16331502 is divided by 67765?
137
What is the remainder when 141284 is divided by 32897?
9696
Calculate the remainder when 663116 is divided by 20719.
108
Calculate the remainder when 8456 is divided by 4727.
3729
What is the remainder when 63609 is divided by 786?
729
What is the remainder when 21874267 is divided by 389?
19
What is the remainder when 8863461 is divided b